+ 54 = 40*s - 37*s. Suppose -4*m + i*n = -0*n - q, -2*n = 10. What is the units digit of m?
1
Suppose -25 = 5*v - 6*v. Suppose 20*s - 3960 = -v*s. What is the tens digit of s?
8
Let z(c) = c**3 + 70*c**2 + 1132*c - 53. What is the units digit of z(-33)?
4
Suppose -20 = 6*m - 10*m. Suppose m*w + 459 = 6*w. What is the units digit of w?
9
Suppose -5*h + 9*n + 69177 = 12*n, 0 = -3*n + 12. What is the tens digit of h?
3
Let r(o) = -o**3 + 19*o**2 - 18*o + 1. Let s be r(18). Suppose 4*v - 4 = 0, 2*v + 7 = 4*x + s. Suppose 5*l - 33 = x*l. What is the units digit of l?
1
Suppose 0 = 3*j - 4*x - 3263, 3*j - 1702 = -3*x + 1589. What is the hundreds digit of j?
0
Let r = 19 + -13. Suppose 0 = 4*y - 8, -4 = -r*v + 2*v + 2*y. Suppose 0*s = -v*s + 2*x + 24, 68 = 4*s + x. What is the units digit of s?
6
Suppose -3*y = -8*y + 330. Let q = y - 21. Suppose q = 3*k - 5*a, -5*k + 51 + 24 = -2*a. What is the units digit of k?
5
What is the tens digit of -4*9/(63/(-5936))?
9
Suppose -5*g + 12 = -g. Suppose 28 = -2*p + g*p - 5*d, p = -4*d - 17. Suppose -3*f + 4*q = 2*q - 107, p*q = 15. What is the tens digit of f?
3
What is the thousands digit of (0 - (-144354)/(-14))/((2/(-3))/2)?
0
What is the thousands digit of (-1)/(-4) - (-9 + 102159/(-36))?
2
Let b = 706 - -7178. What is the hundreds digit of b?
8
Let s = 68 + -32. Let d be 54/s*208/6. Let q = 104 - d. What is the tens digit of q?
5
Let o be (-340 + 6/(-18)*-6)/1. Let x = o - -405. What is the tens digit of x?
6
Suppose -5*m + 21 + 174 = -5*f, -39 = f + m. Suppose n = 5*h + 6*n - 285, 5*n = h - 75. Let x = h - f. What is the tens digit of x?
9
Let z = -13439 + 24378. What is the hundreds digit of z?
9
Let r(i) = 166*i - 94. Let s be r(16). Suppose 0 = -g - 4*d + 517, 15*d - 12*d = 5*g - s. What is the tens digit of g?
1
Suppose -3*l = 5*h - 45614, 2*h + 18227 = 4*h - 5*l. What is the units digit of h?
1
Let w = -6 - -20. Let d = w + 271. What is the hundreds digit of d?
2
Let k(s) = -4*s - 30. Let n = -30 - -20. Let w be k(n). Suppose 60 = w*y - 7*y. What is the tens digit of y?
2
Let i(m) = -10*m**2 - 649*m - 14. What is the hundreds digit of i(-19)?
7
Suppose 0 = -34*b - 4094 - 496. What is the tens digit of (-65985)/b - (4/(-18) - 0)?
8
What is the units digit of 8/(-14) + 4/140*-15 + 14678?
7
Let k(z) = -2*z**2 + 24*z - 17. Let m be k(11). Suppose -1430 - 503 = -3*r - m*q, r - 644 = -2*q. Suppose -r - 18 = -4*x. What is the hundreds digit of x?
1
Suppose 32*c = 31*c - 3. Let q be ((-22)/c)/(48/1224). Suppose 0 = t + 5*w - q, -11 = -4*w + 9. What is the hundreds digit of t?
1
Let b = -564 + 1433. Let g = b + 102. What is the tens digit of g?
7
Let b(n) = 7*n + 97. Let j be b(-14). Let y = j - -314. What is the tens digit of y?
1
Suppose -6*i + 16 + 2 = 0. Suppose g + 27 = i*y - 3*g, -28 = -5*y + g. Suppose y*c + 1 = 106. What is the tens digit of c?
2
Suppose -2*g + 7 = -t, -g = -4*t - 0 - 7. Let n(q) = 522*q**2 + 3*q + 1. What is the tens digit of n(t)?
2
Suppose 0 = -4*i - 87 - 169. Let a = i - -58. Let b(r) = -26*r + 26. What is the tens digit of b(a)?
8
Suppose -6*t = -5*t + 5*m + 25, 0 = t - 3*m - 15. Suppose t*x - 4*x = -20, 4*x = 5*p - 5370. Suppose 0 = 6*b - 20*b + p. What is the units digit of b?
7
Suppose 12*w - 5*w = 35. Suppose 2*u = -p - 0*p + 10, -2*p - 4 = 0. Suppose 2*r + u = w*r. What is the units digit of r?
2
Let a(i) = 38*i**2 + 76*i + 85. What is the hundreds digit of a(-14)?
4
What is the units digit of -5 + 46363/4 - (-7 - 162/(-24))?
6
Let p(w) = -w**3 + w**2 - 1506. Let o be p(0). Let l be 4/(-14) + (3 - o/(-21)). What is the units digit of (-6187)/l + 1 + 10/(-6)?
9
Suppose -p = -3*t - 231, 3*t - 2 = 4. Let j be p + ((-9)/(-3))/3. Suppose 5*q - 25 = i + 207, 0 = -5*q + 4*i + j. What is the units digit of q?
6
Let m = -22256 + 54125. What is the thousands digit of m?
1
Suppose 5*g + 1428 = -442. Let r = g + 581. Let v = r + -123. What is the units digit of v?
4
Suppose -10*b + 27618 = -33092. What is the tens digit of b?
7
Let z(u) = 15*u**2 - 22 + 2*u**2 - 11*u**2 - 7*u. What is the hundreds digit of z(-4)?
1
Let h be (-36)/12 + 820/(-2) - -1. Let k = h - -477. What is the units digit of k?
5
Suppose -19*i + 229562 - 128987 = -234699. What is the units digit of i?
6
Let y = -103583 - -159957. What is the thousands digit of y?
6
What is the units digit of 3028 + (4 - -4) + -12?
4
Suppose 2*n + n + 4*c - 308 = 0, 5*n = -2*c + 532. Let u(j) = j**2 + 13*j - 12. Let d be u(-14). Suppose d*x = n + 82. What is the tens digit of x?
9
Suppose 42*i - 77*i = -9030. Suppose 0 = -w + 112 + i. What is the units digit of w?
0
Let c = -50 - -1. Let l = c + 54. Suppose 0 + 3 = 3*j, 0 = a + l*j - 78. What is the tens digit of a?
7
Let f = 59 - 115. Let o be (-552)/f + 1/7. Suppose -o*m = -11*m + 42. What is the tens digit of m?
4
Let r be ((-4)/(-22))/(2/22). Suppose -3*i + 0*y + r*y = -402, -2*y - 138 = -i. Let q = 225 - i. What is the tens digit of q?
9
What is the tens digit of (-107460)/(-52) + (-48)/(-104) - 5?
6
Let j(b) = -7*b**3 - 33*b**2 + 41*b + 23. What is the units digit of j(-23)?
2
What is the thousands digit of 3645646/76 - (-206)/(-7828)?
7
Let w be 0 - (4/(-2) - 0). Suppose 20 = 5*q - 0*q - 2*v, w*v = q - 12. Suppose -q = 5*j - 182. What is the units digit of j?
6
Let g = -12 - -24. Let s be 37/8 - g/(-32). Suppose -s*i + 616 - 248 = -4*m, 5*i - 3*m = 371. What is the units digit of i?
6
Suppose -3*d = -5*u + 107016, -4*d = -5*u + 141937 - 34929. What is the tens digit of u?
0
Let p = -53 + 39. Let n(t) = -4*t**2 - 9*t + 46. Let r(k) = -11*k**2 - 26*k + 138. Let d(q) = 8*n(q) - 3*r(q). What is the units digit of d(p)?
6
Suppose 10 - 1 = -3*l. Let t be l + -541 + (-3 - -1). Let a = t - -776. What is the hundreds digit of a?
2
Let n(g) = 4*g**2 - 20*g - 69 + g**2 + 2*g**2 + 98 - 2*g**2. What is the tens digit of n(7)?
3
Let h = 30343 + -18264. What is the thousands digit of h?
2
Let t = -1476 - -32569. What is the hundreds digit of t?
0
Let a(c) = 2*c + 12. Let w be (-7)/(63/(-6)) - 20/(-6). Let r(i) = 3*i + 23. Let k(z) = w*r(z) - 7*a(z). What is the units digit of k(0)?
8
Let w = -121 + 116. Let d be (-1)/(9132/(-1826) - w). Suppose 2*i - 47 - 317 = 2*p, -5*i + 2*p + d = 0. What is the tens digit of i?
8
Let l = -4 + 38. Suppose 0*f - f + l = 4*a, -4*a - 8 = 0. Suppose -2*n + z = -35, 2*z = 3*n - 12 - f. What is the units digit of n?
6
Suppose -6*x + 5 = -2*x - 5*m, -4*x + 2*m = -14. Suppose -4*d + 10 = -5*p - 8*d, x*d + 25 = 0. Suppose -594 = -4*h - p*h. What is the tens digit of h?
9
Let f(r) = 2*r**3 - r - 4. Let o be f(2). Suppose -5*n - o = -5. What is the units digit of (74/(-5))/(1/(-5)) - n?
5
Let h = -41 - 2. Let q = 47 + h. Suppose 0*o = -o + b + 124, -2*b = -q*o + 494. What is the tens digit of o?
2
Let u(d) = 3*d**2 - 7*d - 1. Let j be u(3). Suppose j*t + 2*v - 1367 - 347 = 0, v = -4*t + 1370. What is the units digit of t?
2
Let k = 219 - 220. What is the hundreds digit of (-643)/(-5 - (-5 + 9)/k)?
6
Suppose 3*k - 15*k = -192. Let i = 14 + -11. Suppose m - k - 25 = 3*w, 4*m - 128 = i*w. What is the tens digit of m?
2
Suppose 1 - 3 = -l. Let s be ((-27)/(-9))/((-6)/(-8)). Suppose 4*q - 4*n = n + 220, -l*q + 110 = -s*n. What is the units digit of q?
5
Let n(x) = 31731*x**2 + 113*x + 114. What is the tens digit of n(-1)?
3
What is the hundreds digit of (58/(-6) - (9 - 32/4))*-216?
3
Suppose 725*x = 746*x - 28161. What is the tens digit of x?
4
Let k(o) = -3*o**2 + 46*o - 19. Let b be k(15). What is the hundreds digit of 1/(b/(-2151 - 5))?
5
Let f be (2 + 1)/(-5 - -6). Let g(i) = -6*i + 55*i**3 - f*i - 56*i**3 - 3*i**2 - 24. What is the tens digit of g(-6)?
3
Let t(r) be the first derivative of 20/3*r**3 + 5/2*r**2 - 2 + 2*r. What is the units digit of t(-2)?
2
Suppose -4*a - 3*w = -11614, 11*a - 6*a - 2*w = 14483. What is the hundreds digit of a?
8
Let d(p) = -p**3 - 12*p**2 - 20*p - 2. Let b be d(-10). Let x be b/(-2) + 2 + 0 - -5. Suppose -5*v + 232 = -x. What is the tens digit of v?
4
Suppose -96*h - 18*h + 3*h + 1748361 = 0. What is the hundreds digit of h?
7
Suppose -13*g - 15*g + 95256 = 0. Let h = -2297 + g. What is the units digit of h?
5
Let r(x) = -4*x + 38. Let u be r(37). Let c = 201 + u. What is the tens digit of c?
9
Let o(s) = -529*s - 21. Let n be o(-2